rs of 3432?
2, 3, 11, 13
List the prime factors of 21324.
2, 3, 1777
What are the prime factors of 967?
967
What are the prime factors of 3730?
2, 5, 373
What are the prime factors of 3674?
2, 11, 167
What are the prime factors of 17377?
17377
List the prime factors of 3776.
2, 59
What are the prime factors of 9582?
2, 3, 1597
List the prime factors of 7617.
3, 2539
What are the prime factors of 1845?
3, 5, 41
What are the prime factors of 1217?
1217
What are the prime factors of 19499?
17, 31, 37
List the prime factors of 53683.
7, 7669
List the prime factors of 3186.
2, 3, 59
What are the prime factors of 6470?
2, 5, 647
What are the prime factors of 79839?
3, 2957
What are the prime factors of 507?
3, 13
List the prime factors of 5420.
2, 5, 271
List the prime factors of 23864.
2, 19, 157
List the prime factors of 1085.
5, 7, 31
What are the prime factors of 1035?
3, 5, 23
What are the prime factors of 4094?
2, 23, 89
What are the prime factors of 153524?
2, 7, 5483
What are the prime factors of 28993?
79, 367
List the prime factors of 1901.
1901
What are the prime factors of 453?
3, 151
List the prime factors of 20310.
2, 3, 5, 677
List the prime factors of 88160.
2, 5, 19, 29
What are the prime factors of 34688?
2, 271
What are the prime factors of 90052?
2, 47, 479
List the prime factors of 3146.
2, 11, 13
List the prime factors of 4247.
31, 137
List the prime factors of 755.
5, 151
List the prime factors of 1362.
2, 3, 227
List the prime factors of 11177.
11177
What are the prime factors of 3507?
3, 7, 167
What are the prime factors of 11255?
5, 2251
List the prime factors of 33484.
2, 11, 761
List the prime factors of 941.
941
List the prime factors of 144403.
7, 421
What are the prime factors of 68007?
3, 22669
List the prime factors of 992.
2, 31
List the prime factors of 162.
2, 3
What are the prime factors of 6328?
2, 7, 113
List the prime factors of 20331.
3, 251
What are the prime factors of 769?
769
What are the prime factors of 1803?
3, 601
What are the prime factors of 424?
2, 53
List the prime factors of 811.
811
What are the prime factors of 3596?
2, 29, 31
List the prime factors of 740.
2, 5, 37
What are the prime factors of 5842?
2, 23, 127
List the prime factors of 1299.
3, 433
What are the prime factors of 131435?
5, 97, 271
What are the prime factors of 7450?
2, 5, 149
What are the prime factors of 6269?
6269
List the prime factors of 3690.
2, 3, 5, 41
List the prime factors of 50914.
2, 25457
What are the prime factors of 1845?
3, 5, 41
List the prime factors of 253.
11, 23
List the prime factors of 3082.
2, 23, 67
What are the prime factors of 132?
2, 3, 11
List the prime factors of 1589.
7, 227
What are the prime factors of 10215?
3, 5, 227
What are the prime factors of 23480?
2, 5, 587
List the prime factors of 28478.
2, 29, 491
What are the prime factors of 839?
839
List the prime factors of 11901.
3, 3967
What are the prime factors of 375?
3, 5
What are the prime factors of 37983?
3, 11, 1151
What are the prime factors of 25291?
7, 3613
What are the prime factors of 8484?
2, 3, 7, 101
List the prime factors of 11473.
7, 11, 149
List the prime factors of 88.
2, 11
What are the prime factors of 4546?
2, 2273
What are the prime factors of 9149?
7, 1307
What are the prime factors of 2760?
2, 3, 5, 23
List the prime factors of 23540.
2, 5, 11, 107
List the prime factors of 2234.
2, 1117
What are the prime factors of 43128?
2, 3, 599
What are the prime factors of 117?
3, 13
List the prime factors of 2741.
2741
List the prime factors of 7327.
17, 431
What are the prime factors of 37848?
2, 3, 19, 83
What are the prime factors of 5586?
2, 3, 7, 19
What are the prime factors of 10627?
10627
What are the prime factors of 860?
2, 5, 43
List the prime factors of 8121.
3, 2707
List the prime factors of 1318.
2, 659
List the prime factors of 131845.
5, 7, 3767
List the prime factors of 89496.
2, 3, 11, 113
What are the prime factors of 996?
2, 3, 83
List the prime factors of 3608.
2, 11, 41
What are the prime factors of 6949?
6949
List the prime factors of 11424.
2, 3, 7, 17
List the prime factors of 59348.
2, 37, 401
What are the prime factors of 1941?
3, 647
List the prime factors of 945.
3, 5, 7
List the prime factors of 1081.
23, 47
What are the prime factors of 1747?
1747
List the prime factors of 11165.
5, 7, 11, 29
List the prime factors of 443.
443
List the prime factors of 33626.
2, 17, 23, 43
List the prime factors of 35930.
2, 5, 3593
What are the prime factors of 22687?
7, 463
List the prime factors of 1861.
1861
What are the prime factors of 27837?
3, 1031
List the prime factors of 943.
23, 41
List the prime factors of 13798.
2, 6899
List the prime factors of 430.
2, 5, 43
List the prime factors of 142.
2, 71
What are the prime factors of 3360?
2, 3, 5, 7
What are the prime factors of 3073?
7, 439
List the prime factors of 65000.
2, 5, 13
List the prime factors of 2818.
2, 1409
List the prime factors of 1249.
1249
What are the prime factors of 1101?
3, 367
What are the prime factors of 29?
29
List the prime factors of 1815.
3, 5, 11
List the prime factors of 252.
2, 3, 7
What are the prime factors of 2049?
3, 683
List the prime factors of 1296.
2, 3
What are the prime factors of 4687?
43, 109
List the prime factors of 38909.
13, 41, 73
List the prime factors of 1617.
3, 7, 11
List the prime factors of 1968.
2, 3, 41
List the prime factors of 7648.
2, 239
What are the prime factors of 96642?
2, 3, 7, 13, 59
List the prime factors of 92126.
2, 73, 631
List the prime factors of 745.
5, 149
List the prime factors of 25618.
2, 12809
What are the prime factors of 3162?
2, 3, 17, 31
What are the prime factors of 36769?
83, 443
What are the prime factors of 1274?
2, 7, 13
What are the prime factors of 19760?
2, 5, 13, 19
What are the prime factors of 57203?
57203
What are the prime factors of 26973?
3, 37
List the prime factors of 28888.
2, 23, 157
List the prime factors of 2643.
3, 881
What are the prime factors of 1909?
23, 83
List the prime factors of 27092.
2, 13, 521
What are the prime factors of 58650?
2, 3, 5, 17, 23
List the prime factors of 1994.
2, 997
List the prime factors of 18548.
2, 4637
List the prime factors of 566.
2, 283
What are the prime factors of 1420?
2, 5, 71
What are the prime factors of 1215?
3, 5
What are the prime factors of 64904?
2, 7, 19, 61
What are the prime factors of 1860?
2, 3, 5, 31
What are the prime factors of 1589?
7, 227
What are the prime factors of 15293?
41, 373
What are the prime factors of 934?
2, 467
What are the prime factors of 2712?
2, 3, 113
List the prime factors of 1022.
2, 7, 73
What are the prime factors of 3545?
5, 709
List the prime factors of 28694.
2, 14347
What are the prime factors of 1524?
2, 3, 127
List the prime factors of 508.
2, 127
List the prime factors of 54435.
3, 5, 19, 191
What are the prime factors of 24163?
73, 331
What are the prime factors of 11481?
3, 43, 89
What are the prime factors of 4451?
4451
What are the prime factors of 409?
409
What are the prime factors of 1605?
3, 5, 107
List the prime factors of 2940.
2, 3, 5, 7
What are the prime factors of 2353?
13, 181
What are the prime factors of 4304?
2, 269
What are the prime factors of 1062?
2, 3, 59
What are the prime factors of 377?
13, 29
List the prime factors of 28838.
2, 14419
List the prime factors of 18493.
18493
What are the prime factors of 41152?
2, 643
What are the prime factors of 9960?
2, 3, 5, 83
List the prime factors of 757.
757
What are the prime factors of 14846?
2, 13, 571
List the prime factors of 1240.
2, 5, 31
List the prime factors of 130.
2, 5, 13
List the prime factors of 14270.
2, 5, 1427
List the prime factors of 6703.
6703
What are the prime factors of 31757?
11, 2887
What are the prime factors of 4058?
2, 2029
List the prime factors of 10950.
2, 3, 5, 73
List the prime factors of 854.
2, 7, 61
What are the prime factors of 5470?
2, 5, 547
List the prime factors of 89427.
3, 13, 2293
What are the prime factors of 6980?
2, 5, 349
List the prime factors of 1044.
2, 3, 29
List the prime factors of 14110.
2, 5, 17, 83
What are the prime factors of 8758?
2, 29, 151
What are the prime factors of 21970?
2, 5, 13
List the prime factors of 1700.
2, 5, 17
List the prime